visor of 1317357 and 1006.
503
Calculate the greatest common divisor of 746 and 118.
2
What is the greatest common divisor of 3955 and 533134?
791
What is the highest common factor of 44216 and 32?
8
What is the highest common divisor of 18484825 and 25?
25
Calculate the highest common divisor of 47852 and 196.
28
What is the greatest common divisor of 9240 and 12215?
35
What is the greatest common factor of 1113286 and 266?
38
Calculate the greatest common factor of 253804 and 856.
428
Calculate the greatest common divisor of 2174895 and 9.
9
Calculate the greatest common divisor of 58 and 67251.
29
What is the highest common divisor of 1872 and 141336?
936
Calculate the greatest common factor of 3440 and 14470.
10
What is the greatest common factor of 2137329 and 1368?
171
Calculate the greatest common factor of 53504 and 1254.
418
Calculate the highest common factor of 11 and 619.
1
What is the highest common divisor of 202 and 5050?
202
Calculate the highest common divisor of 400 and 36175.
25
Calculate the greatest common divisor of 124131 and 322.
161
What is the highest common factor of 1338317 and 11331?
1259
Calculate the highest common divisor of 1541 and 16415.
67
What is the highest common divisor of 3367 and 14?
7
What is the greatest common factor of 2176 and 3296096?
544
What is the highest common factor of 51854 and 550?
22
Calculate the highest common divisor of 186 and 112809.
93
Calculate the highest common divisor of 17208 and 424.
8
What is the greatest common divisor of 632 and 260068?
316
What is the greatest common factor of 1064 and 659736?
56
What is the highest common divisor of 165757 and 217?
31
What is the greatest common factor of 468 and 223080?
156
Calculate the greatest common divisor of 615 and 1026435.
615
Calculate the greatest common divisor of 2800 and 72275.
175
Calculate the greatest common factor of 217020 and 60.
60
Calculate the greatest common divisor of 67091 and 276.
23
Calculate the highest common factor of 3288 and 2740.
548
Calculate the greatest common divisor of 1320 and 1042680.
120
Calculate the highest common divisor of 1983849 and 1785.
357
What is the greatest common factor of 131232 and 24?
24
What is the greatest common factor of 2650 and 6846275?
1325
Calculate the greatest common factor of 730080 and 1120.
160
Calculate the highest common divisor of 8272 and 4576.
176
Calculate the greatest common factor of 1805 and 87001.
361
What is the highest common factor of 31329 and 200187?
531
What is the highest common factor of 44068 and 92?
92
Calculate the highest common divisor of 132 and 416148.
12
Calculate the greatest common factor of 61 and 3338469.
61
Calculate the highest common factor of 186 and 297.
3
Calculate the greatest common divisor of 2688 and 10346.
14
Calculate the highest common factor of 604714 and 88.
22
What is the highest common divisor of 4063 and 6931?
239
What is the highest common divisor of 2470 and 152190?
190
Calculate the greatest common divisor of 22 and 166111.
11
Calculate the greatest common divisor of 5 and 1757700.
5
What is the highest common divisor of 10470 and 96?
6
What is the highest common divisor of 179679 and 42103?
593
Calculate the greatest common divisor of 142188 and 1107.
123
What is the highest common factor of 9 and 78543?
9
Calculate the highest common factor of 9983 and 469.
67
What is the highest common divisor of 112 and 5488?
112
Calculate the highest common divisor of 4587 and 3336.
417
Calculate the highest common divisor of 242 and 1801569.
121
Calculate the highest common factor of 13650 and 462.
42
Calculate the greatest common divisor of 2294 and 33728.
62
Calculate the highest common factor of 411 and 3425.
137
What is the greatest common factor of 108 and 11508?
12
What is the greatest common divisor of 58310 and 170?
170
What is the greatest common factor of 80816 and 144?
16
Calculate the highest common divisor of 322 and 58.
2
Calculate the greatest common divisor of 278 and 20916164.
278
Calculate the highest common divisor of 21784 and 2632.
56
What is the highest common factor of 399 and 950285?
133
Calculate the greatest common factor of 7280 and 40430.
130
Calculate the greatest common divisor of 49049 and 572.
143
Calculate the greatest common divisor of 19152 and 13376.
304
Calculate the highest common factor of 360 and 8880.
120
Calculate the highest common factor of 3640 and 16835.
455
What is the greatest common divisor of 12069 and 25926?
447
What is the highest common divisor of 798063 and 549?
183
What is the greatest common factor of 290 and 17280?
10
What is the greatest common factor of 1937132 and 4?
4
Calculate the highest common divisor of 596541 and 99.
33
Calculate the greatest common factor of 139545 and 3325.
35
Calculate the highest common factor of 168 and 1050.
42
Calculate the greatest common factor of 1501 and 56485.
79
What is the greatest common factor of 429405 and 45?
15
Calculate the greatest common factor of 14226 and 12.
6
What is the highest common factor of 3294 and 793?
61
Calculate the highest common divisor of 218161 and 7667.
697
Calculate the highest common factor of 87389 and 434.
31
Calculate the highest common factor of 68 and 672248.
68
What is the greatest common divisor of 143 and 18007?
11
Calculate the greatest common factor of 36855 and 6895.
35
Calculate the highest common divisor of 22 and 617397.
11
Calculate the greatest common divisor of 251727 and 21.
21
What is the greatest common factor of 211700 and 8990?
290
What is the highest common divisor of 12 and 4844?
4
What is the highest common factor of 3320 and 1777030?
830
What is the greatest common divisor of 120 and 1950?
30
What is the greatest common factor of 59904 and 6016?
128
What is the highest common divisor of 69272 and 350?
14
What is the greatest common factor of 111300 and 44202?
318
Calculate the greatest common divisor of 3050 and 941230.
610
What is the greatest common factor of 107748 and 1168?
292
Calculate the highest common divisor of 50556 and 264.
132
What is the highest common divisor of 53265 and 402?
201
What is the highest common factor of 1344 and 5424?
48
What is the greatest common divisor of 3120 and 11680?
80
Calculate the highest common divisor of 147812 and 308.
28
Calculate the highest common divisor of 9642015 and 1665.
1665
Calculate the greatest common factor of 3460807 and 1132.
283
Calculate the highest common divisor of 16120 and 3038.
62
What is the highest common divisor of 4542315 and 510?
255
What is the highest common divisor of 51248 and 416?
16
What is the highest common factor of 6696 and 188046?
558
Calculate the greatest common factor of 6264 and 594.
54
What is the greatest common divisor of 5875 and 5969?
47
What is the greatest common factor of 1386 and 22671?
99
What is the greatest common divisor of 128890 and 10?
10
Calculate the greatest common divisor of 24 and 325544.
8
What is the greatest common factor of 778353 and 6?
3
Calculate the highest common factor of 1377 and 6171.
51
What is the greatest common factor of 544 and 55573?
17
What is the greatest common divisor of 12921 and 30003?
219
Calculate the greatest common divisor of 77 and 47663.
77
What is the highest common factor of 171976 and 2?
2
Calculate the greatest common divisor of 704 and 3938.
22
What is the highest common factor of 1281054 and 138?
138
What is the greatest common factor of 1263449 and 22?
11
Calculate the highest common factor of 12 and 22060.
4
What is the greatest common divisor of 9112 and 3886?
134
Calculate the highest common divisor of 24 and 343344.
24
What is the greatest common factor of 16256455 and 505?
505
Calculate the highest common divisor of 252 and 8824.
4
What is the greatest common factor of 552 and 14448?
24
What is the highest common factor of 414 and 41949?
9
What is the greatest common divisor of 56 and 651112?
56
What is the greatest common divisor of 246 and 36?
6
Calculate the highest common factor of 2895762 and 48.
6
Calculate the highest common divisor of 42 and 927906.
42
What is the greatest common divisor of 1443 and 16341?
39
What is the highest common factor of 17279 and 14944?
467
Calculate the greatest common divisor of 319 and 1469633